e the second derivative of c**5/120 - c**4/24 - c**3/6 - 3*c. Let t(r) be the second derivative of b(r). Determine t(1).
0
Let t be ((-25)/35)/(36/(-21)). Let j(r) be the second derivative of 0 + 5/2*r**2 + 2*r - 2/3*r**3 - 1/20*r**5 + t*r**4. Give j(4).
5
Let t(w) = 5*w + 0 + 5 - 3. Suppose -2*d = 3*d + u + 42, -3*d - 14 = -5*u. Let m be d/12 - (-4)/(-3). What is t(m)?
-8
Let k(b) = -2*b**3 + 2*b**2 + b. Let t be k(2). Let c(z) be the third derivative of -z**4/24 - 5*z**3/3 + z**2. Determine c(t).
-4
Let o = -9 - -4. Let l be 4/(o - -1 - -2). Let u(d) = 2 + 0*d + 2*d + 0*d. Give u(l).
-2
Let v be (-2)/7 - (-4)/14. Suppose -8 = y + 4*j, -y + v*j + 2*j = -10. Let z = 0 - y. Let d(a) = 2*a + 4. Give d(z).
-4
Let u = -4 + 8. Suppose 0*m - u = 4*m. Let x(q) be the third derivative of q**4/24 - q**3/6 + q**2. What is x(m)?
-2
Let s(m) = m**3 - 2*m**2 - m - 3. Let f be (6 - 5)*(1 - -2). Calculate s(f).
3
Let l(j) = 2*j**3 + 9*j**2 + 9*j + 10. Let z(m) = m**3 + m**2 + m. Let a(w) = l(w) - 3*z(w). Calculate a(7).
3
Let r(x) = 5*x**3 - 8*x**2 + 8*x - 3. Let j(u) = 6*u**3 - 9*u**2 + 9*u - 4. Let n(p) = -6*j(p) + 7*r(p). What is n(-2)?
-1
Suppose -2*s - 3 = 1, -2*s = -4*t + 12. Let f = t + -2. Suppose f = -0*l + l + 5. Let d(q) = -q - 4. Determine d(l).
1
Let g = -97 - -166. Let d(t) = -69 + g + 4*t. Determine d(2).
8
Let d(t) = 6*t**3 - 25*t**2 - 26*t + 6. Let g(z) = z**3 - 5*z**2 - 5*z + 1. Let s(b) = -2*d(b) + 11*g(b). What is s(-3)?
-10
Let t = 9 - 5. Suppose 9 = t*a - a. Let f(v) = -v + 3. Calculate f(a).
0
Suppose -o + f + 0*f - 3 = 0, f - 3 = 3*o. Suppose -z + 1 + 0 = 0. Let h(j) = o*j + j + z + 1. Determine h(0).
2
Let p(t) = -t. Let f(y) = 0 - 1 + 2. Let d(q) = 2*f(q) - p(q). What is d(-5)?
-3
Suppose -5*t = -16 - 14. Let s(m) = 2*m - 9. What is s(t)?
3
Let w(r) = -r**3 + 8*r**2 - 4*r - 3*r - 5*r**2 + 3*r**2 + 7. What is w(5)?
-3
Let d(x) = -x - 3. Suppose -k = -0*g + 4*g + 25, g = 3*k + 10. Calculate d(k).
2
Let t = -15 - -21. Let u(b) = -b**3 + 6*b**2 - b + 3. Let p be u(t). Let q(w) = -2*w**2 - 4*w + 1. What is q(p)?
-5
Let j(n) be the second derivative of -n**4/12 + n**3 + n**2/2 + 2*n. Let y be 2/(-6) + 10/(-15). Let z(u) = -5*u**3. Let i be z(y). What is j(i)?
6
Let j(f) be the second derivative of 3*f**3/2 + f**2 - 38*f. Determine j(2).
20
Let t(z) = -8*z - 3 + 7*z + 2. Determine t(-7).
6
Let v(b) = b**2 - b + 1. Let r be v(2). Suppose 0*n - r*n = 12. Let m(q) be the first derivative of -q**2 - 5*q - 2. Determine m(n).
3
Let h(q) be the first derivative of -q**4/4 + 4*q**3/3 + q**2/2 - q - 16. Give h(3).
11
Let b(z) = z**2 - 9*z + 7. Let k be (-1 + 8)*18/21. Give b(k).
-11
Let t(a) = a**2 + a + 8. Let f be (-1)/2*(7 - 9). Let l be (f + -1)/(-1 - -2). Calculate t(l).
8
Let d(a) = 7*a**2 - a. Let z be d(1). Suppose -9 = -4*v + 39. Let y(l) = -3*l**3 - 4*l - 7*l**2 + v*l - 4 + 4*l**3. Calculate y(z).
8
Let a be 1 + 2 + -1 + 2. Suppose -3*u - 1 = -a. Let o be (u/((-3)/(-3)))/(-1). Let f(p) = -5*p**3 + p**2 - p - 1. Determine f(o).
6
Suppose -4*j + 0*y = 4*y + 8, -j - 2 = 3*y. Let c(r) = -4*r**3 - r**2 - r + 1. Give c(j).
31
Let q(d) be the first derivative of d**2/2 + 2*d + 1. Suppose -5*m + 2*m - 8*m = 0. Give q(m).
2
Let n(g) = 8 + 8*g - 5 - 4. What is n(1)?
7
Let l(p) = -p**3 - p**2. Let b = -16 - -14. Give l(b).
4
Let o(s) = -s + 9. Suppose -4*c + 2*g = -68, 0 = -5*c - 3*g - 2 + 109. Let b = -19 + c. What is o(b)?
9
Let h(t) = 0 + 3*t - t**2 + 1 + 2 - 6*t. Let u(d) = d + 7. Let z be u(-5). What is h(z)?
-7
Let q(s) = s - 4. Let f(n) = -n**2 - n + 4. Let u be f(0). What is q(u)?
0
Suppose 4 = u + 1. Suppose -5*j - u - 7 = 0, -j = 4*b + 22. Let n(k) = 2 + 5*k**2 - 6 - 6*k**2 - 5*k - 3. Give n(b).
-7
Suppose 8*f - 3*f = 10. Let m(b) = b**f + 2*b + b - 2 - b. Determine m(-3).
1
Let x(v) = -4*v - 4*v + 0*v**2 + v**2 + 4*v - 4. Calculate x(-3).
17
Let i(b) be the second derivative of -b**4/12 + b**3/2 + b**2/2 + 4*b. Suppose -5*z + 1 - 7 = s, -5*s - 3*z + 14 = 0. What is i(s)?
-3
Suppose -2*x = -0*x - 5*x. Let d(r) be the third derivative of -3*r**2 - 4/3*r**3 + 1/24*r**4 + x + 0*r. Calculate d(5).
-3
Let p = -57 + 60. Let w(y) be the second derivative of y**4/12 - y**3/2 + y**2 - 2*y. Determine w(p).
2
Let w(x) = x. Let l(o) = 5*o - 7. Let n(r) = -l(r) + 6*w(r). Determine n(5).
12
Let k(p) = 3*p**2 + 5*p + 1. Let s(h) = 8*h**2 + 10*h + 1. Let q(t) = 5*k(t) - 2*s(t). Give q(5).
3
Let u(s) = 4*s. Let q = -11 + 8. Determine u(q).
-12
Let m(c) = -c**3 - 5*c**2 + 1. Let v be m(-5). Let j(r) = -7 - 7*r + v + 4 + 3. Give j(1).
-6
Let s(h) = 16*h - 1 - 17*h - h**2 + 5. What is s(-4)?
-8
Suppose -7*b = -2*b + 30. Let c(f) = 9*f**2 - 21*f + 4. Let x(h) = 5*h**2 - 11*h + 2. Let j(m) = b*c(m) + 11*x(m). Determine j(-4).
-6
Let n be 183/180 + 0 + -1. Let t(p) be the third derivative of p**2 + 0*p - n*p**5 + 0*p**3 + 0 + 1/6*p**4. Give t(3).
3
Suppose 20 = -5*d, -r + 4*d = 7 - 29. Let f(h) = -h**3 + 5*h**2 + 7*h + 1. Give f(r).
7
Let o(v) = 4*v**2 - v**3 - 6 + 0 + 5 + v**2. What is o(5)?
-1
Let x(y) be the third derivative of y**6/120 - y**5/15 - y**4/12 - 7*y**3/6 + y**2. Let m(g) = 2*g - 5. Let z be m(5). What is x(z)?
8
Let s(n) = 2*n**3 + 2*n - 2*n**3 - 7*n**2 + 3*n**2 - 1 + n**3. Calculate s(2).
-5
Suppose 0 = 10*b - 9*b - 3. Let u(s) = -s**2 - 4*s + 4. Determine u(b).
-17
Suppose -a + 8 = 3*a. Let j(r) = 0*r**3 + 4*r**3 - 3*r**3 - 5*r**a + 2*r - 2 - 2. Suppose -2*m + 4*m = 5*o + 10, 0 = -5*m + 2*o + 25. What is j(m)?
6
Let k be 6*(-2)/(-12)*4. Let g(o) = 2*o - 2*o**2 - k + 4*o**2 + 0*o**2. Calculate g(-3).
8
Let a be 20/(-6) + (-2)/7*-14. Let f(b) be the third derivative of -1/60*b**5 + 0 + a*b**3 + 0*b + 3*b**2 + 1/24*b**4. What is f(-3)?
-8
Suppose 18 = -3*k + 3. Let f(c) = c**3 + 4*c**2 - 5*c + 2. Determine f(k).
2
Let h(j) = -14*j**2 + j**3 - 1 - 12*j**2 + 25*j**2. Let v = -4 - -4. What is h(v)?
-1
Let d(y) = -15 + y - 4*y - 12 + 6. Let x be d(-9). Let z(u) be the third derivative of u**5/60 - 7*u**4/24 + u**3/3 - u**2. What is z(x)?
-4
Let o(f) = 4 + 3*f - f - f. Give o(-7).
-3
Let f(s) = -2*s**2 + 3*s. Let a(t) = -t**2 + 2*t. Suppose 10*p - 8*p = 4. Let n(y) = p*f(y) - 5*a(y). Let g = 2 + 1. Give n(g).
-3
Suppose -15 = -k - 2*k, -2*k + 15 = -g. Let q(s) be the third derivative of -s**2 + 1/60*s**5 + 1/4*s**4 + 0*s + 0 - 1/6*s**3. Determine q(g).
-6
Let h(x) = -8*x**3 + 26*x**2 + 4*x - 14. Let l(f) = 3*f**3 - 9*f**2 - f + 5. Let q(g) = -4*h(g) - 11*l(g). Calculate q(-4).
5
Let t(a) = a**2 - 4*a + 4. Let r(o) = -o**3 + 5*o**2 + 7*o - 2. Let f be r(6). Calculate t(f).
4
Let m(t) = -t**3 + 4*t**2 - 6*t + 7. Let n be m(3). Let c(f) = 4*f - 2. Calculate c(n).
-10
Suppose -67*m - 64 = -59*m. Let s(q) = -q**3 - 8*q**2 - 9. Calculate s(m).
-9
Let w(x) = x**2 - 10*x + 9. Let g(a) = -4*a**2 - a. Let z be g(1). Let q(u) = u**2 - 9*u + 8. Let r(c) = z*q(c) + 4*w(c). Determine r(4).
0
Let n(s) be the first derivative of s**2/2 - 2*s - 2. Give n(9).
7
Let y be 2/6 - 4/(-6). Let l(i) = 4*i**3 - 5*i**2 + 3*i - 2. Let o(m) = 8*m**3 - 11*m**2 + 7*m - 5. Let s(x) = -7*l(x) + 3*o(x). Calculate s(y).
-3
Let s(g) = -4*g**2 - 3*g + 1. Let a(d) = -d**2 - 2*d + 1. Let x(q) = -5*a(q) + 2*s(q). What is x(2)?
-7
Let n(f) = -f**3 - f + 1 - f**2 - 1. Suppose d + 4*p - 22 = 0, -3*d = -3*p - 4 - 2. Let x be -3 + 2*d/4. What is n(x)?
0
Suppose 0 = 2*x - 3*y - 10, -2*x - 3*y + 4 = 3*x. Let n(u) = 5 - 2*u - x*u + 2*u + 0. Determine n(4).
-3
Let o(p) = p + 2. Let x be o(-4). Let g be (2/x - 0)*-3. Let w(u) = 0*u**g + 0 - u**3 + 3*u**2 - u + 2. Determine w(3).
-1
Let n = 4 - -1. Let a(u) = -u**2 + 5*u + 6. Let o be a(n). Let s(t) = 2 + 0 - 3 + o*t - t**2. Give s(4).
7
Let a(f) = f**2 + 3*f - 9*f + 3*f + 1. Calculate a(4).
5
Let z(s) = -3*s + 35. Let a(k) be the third derivative of -k**4/24 + 2*k**3 + k**2. Let x(i) = -8*a(i) + 3*z(i). What is x(0)?
9
Let m(g) be the second derivative of -g**3/3 + 5*g**2/2 - 16*g. Determine m(4).
-3
Suppose 0 = -3*s + 3 - 9. Let n(x) = 2*x**2 - 3*x - 3. Let a be (-65)/(-25) - 4/(-10). Let c(i) = -i**2 + 3*i + 3. Let u(o) = a*c(o) + 2*n(o). Give u(s).
1
Let b(u) be the second derivative of -u**3 + u. Let z(n) = -3*n - 2. Let q be z(-3). Let l = q - 8. Determine b(l).
6
Let c(m) = -m**3 - 5*m**2 - 2*m + 1. Suppose -b - 2 = 2*v, 6*b = 4*v + 4*b - 4